mmon factor of 49 and 49.
49
Calculate the greatest common factor of 36 and 200.
4
Calculate the highest common divisor of 256 and 288.
32
Calculate the greatest common factor of 590 and 649.
59
Calculate the highest common divisor of 3 and 103.
1
What is the highest common divisor of 54 and 270?
54
What is the highest common factor of 19451 and 1101?
367
Calculate the greatest common factor of 17080 and 40.
40
What is the highest common factor of 32 and 4384?
32
What is the greatest common factor of 7372 and 76?
76
What is the greatest common factor of 741 and 39?
39
What is the greatest common divisor of 340 and 68?
68
Calculate the highest common factor of 69 and 2852.
23
What is the greatest common divisor of 2544 and 8?
8
What is the greatest common factor of 30 and 4430?
10
What is the highest common divisor of 4 and 9?
1
What is the highest common divisor of 5915 and 175?
35
What is the highest common factor of 110 and 550?
110
What is the greatest common divisor of 1 and 243?
1
What is the highest common factor of 36 and 675?
9
Calculate the greatest common divisor of 51 and 187.
17
Calculate the highest common factor of 130 and 65650.
130
What is the greatest common divisor of 340 and 1580?
20
Calculate the highest common divisor of 1325 and 575.
25
Calculate the greatest common factor of 2871 and 11.
11
What is the greatest common divisor of 3 and 11097?
3
Calculate the highest common factor of 136 and 3077.
17
What is the greatest common divisor of 24820 and 80?
20
Calculate the greatest common divisor of 16 and 388.
4
Calculate the highest common divisor of 391 and 276.
23
What is the highest common factor of 384 and 18?
6
Calculate the highest common factor of 7625 and 125.
125
What is the highest common factor of 80 and 112?
16
What is the greatest common divisor of 152 and 8?
8
What is the highest common divisor of 101 and 19493?
101
What is the highest common factor of 80 and 6020?
20
What is the highest common factor of 78 and 104?
26
Calculate the greatest common factor of 23475 and 75.
75
Calculate the greatest common divisor of 43 and 344.
43
What is the greatest common divisor of 511 and 49?
7
What is the greatest common divisor of 15196 and 116?
116
Calculate the highest common factor of 189 and 42.
21
What is the greatest common factor of 3510 and 78?
78
What is the greatest common divisor of 21 and 57?
3
Calculate the greatest common factor of 11 and 44.
11
Calculate the highest common factor of 551 and 1007.
19
Calculate the greatest common divisor of 61 and 12139.
61
Calculate the greatest common divisor of 33 and 3.
3
Calculate the highest common divisor of 520 and 6968.
104
What is the greatest common divisor of 13685 and 357?
119
Calculate the greatest common factor of 1720 and 40.
40
Calculate the greatest common factor of 31 and 1519.
31
Calculate the greatest common factor of 1452 and 12.
12
Calculate the greatest common factor of 11 and 49.
1
Calculate the highest common factor of 294 and 24402.
294
What is the highest common factor of 120 and 1215?
15
What is the highest common divisor of 153 and 99?
9
What is the greatest common factor of 26 and 2002?
26
Calculate the greatest common factor of 216 and 20.
4
What is the highest common divisor of 127 and 4699?
127
Calculate the greatest common divisor of 64 and 88.
8
What is the greatest common divisor of 700 and 6020?
140
Calculate the highest common factor of 78 and 442.
26
What is the greatest common factor of 22240 and 160?
160
What is the highest common factor of 9191 and 52?
13
What is the highest common factor of 245 and 7?
7
Calculate the greatest common factor of 35941 and 566.
283
What is the greatest common factor of 330 and 33?
33
What is the highest common divisor of 625 and 25?
25
Calculate the greatest common factor of 640 and 50.
10
What is the highest common divisor of 36 and 234?
18
Calculate the greatest common factor of 74 and 2.
2
What is the highest common divisor of 950 and 50?
50
Calculate the highest common factor of 21 and 581.
7
What is the greatest common divisor of 216 and 792?
72
What is the greatest common factor of 9470 and 30?
10
Calculate the greatest common factor of 117 and 2097.
9
What is the greatest common divisor of 11618 and 74?
74
Calculate the greatest common divisor of 415 and 29465.
415
What is the greatest common factor of 837 and 31?
31
What is the greatest common divisor of 52 and 2678?
26
Calculate the highest common factor of 30 and 222.
6
What is the highest common divisor of 140 and 180?
20
Calculate the greatest common divisor of 195 and 105.
15
Calculate the greatest common factor of 10 and 40.
10
Calculate the greatest common factor of 923 and 117.
13
What is the greatest common factor of 1204 and 308?
28
What is the greatest common factor of 68 and 272?
68
Calculate the greatest common divisor of 7392 and 288.
96
What is the highest common factor of 1530 and 935?
85
What is the highest common divisor of 474 and 79?
79
Calculate the highest common factor of 18 and 1062.
18
Calculate the greatest common divisor of 799 and 17.
17
Calculate the highest common divisor of 8 and 328.
8
Calculate the greatest common factor of 160 and 256.
32
Calculate the highest common factor of 7250 and 58.
58
What is the greatest common divisor of 7119 and 126?
63
What is the greatest common divisor of 360 and 450?
90
Calculate the highest common factor of 49 and 8183.
49
What is the greatest common divisor of 38 and 931?
19
What is the greatest common divisor of 413 and 20591?
59
Calculate the greatest common divisor of 183 and 4392.
183
Calculate the highest common divisor of 78 and 13611.
39
What is the greatest common divisor of 24 and 16?
8
Calculate the highest common factor of 15 and 2265.
15
Calculate the highest common factor of 10 and 30.
10
Calculate the greatest common factor of 750 and 690.
30
Calculate the highest common divisor of 1058 and 4.
2
What is the highest common divisor of 40 and 33180?
20
What is the greatest common factor of 10051 and 171?
19
What is the highest common divisor of 906 and 6?
6
Calculate the greatest common divisor of 208 and 26.
26
What is the highest common divisor of 720 and 1280?
80
What is the greatest common factor of 6657 and 3?
3
What is the greatest common divisor of 54 and 186?
6
Calculate the highest common factor of 77 and 154.
77
Calculate the greatest common factor of 9095 and 51.
17
What is the greatest common divisor of 10 and 80?
10
What is the highest common divisor of 92 and 1334?
46
Calculate the greatest common divisor of 121 and 10043.
121
What is the highest common factor of 20937 and 14?
7
What is the highest common factor of 164 and 205?
41
Calculate the highest common factor of 10 and 370.
10
What is the greatest common divisor of 1829 and 472?
59
Calculate the greatest common factor of 756 and 924.
84
Calculate the highest common divisor of 86 and 430.
86
What is the greatest common divisor of 195 and 10?
5
What is the greatest common divisor of 561 and 66?
33
Calculate the highest common divisor of 429 and 1001.
143
Calculate the greatest common factor of 29757 and 546.
273
What is the highest common divisor of 21420 and 140?
140
What is the greatest common factor of 2604 and 42?
42
What is the highest common divisor of 21947 and 17?
17
What is the greatest common divisor of 210 and 1218?
42
Calculate the greatest common divisor of 1431 and 54.
27
What is the highest common factor of 7 and 112?
7
What is the greatest common divisor of 152 and 12920?
152
What is the greatest common factor of 475 and 38?
19
Calculate the highest common factor of 837 and 351.
27
Calculate the greatest common factor of 105 and 1330.
35
Calculate the highest common factor of 540 and 432.
108
Calculate the highest common factor of 9063 and 133.
19
Calculate the highest common factor of 19844 and 328.
164
Calculate the highest common factor of 195 and 480.
15
Calculate the greatest common divisor of 3043 and 537.
179
Calculate the highest common divisor of 1368 and 2432.
152
What is the greatest common factor of 8 and 206?
2
Calculate the greatest common divisor of 45 and 4.
1
Calculate the greatest common factor of 3278 and 5364.
298
What is the greatest common factor of 16 and